1, 761
Let x(c) = 7*c**2 + 52*c + 215. Let h(g) = -15*g**2 - 107*g - 431. Let m(r) = -6*h(r) - 13*x(r). List the prime factors of m(-20).
71
Let n be (-1 - -39)*(-343)/(-14). Suppose 5*x - 171 + n = 0. Let p = -49 - x. List the prime factors of p.
103
Let y = -26 - -405. Let k = y + -262. List the prime factors of k.
3, 13
Let h(a) = a**3 + 26*a**2 + 49*a - 56. Let x be h(-23). Let b = x - 300. What are the prime factors of b?
2, 13
Suppose 0 = -10*t - 5*t + 105. Suppose u = t*u + 42. List the prime factors of (-2)/u + 8178/42.
3, 5, 13
Let j = -40 + 4. Let r = 151 - j. Suppose 0 = -5*u - 2*i + 3*i + r, 0 = -5*u + 3*i + 191. List the prime factors of u.
37
Suppose -2*q = -3*x + 1389, -479 = -4*x + 2*q + 1375. Suppose -3*g - 4*a + 1435 = 0, 19*g + 2*a = 20*g - x. What are the prime factors of g?
11, 43
Let r be (0/(5/(6 - 11)))/(-2). Suppose r = -30*m + 6*m + 17784. List the prime factors of m.
3, 13, 19
Let g = 56677 - 35819. What are the prime factors of g?
2, 10429
Let r(v) = -10*v + 2. Let l be r(-9). Let c = -88 + l. Suppose -3*z = -c - 2, -5*h + 53 = 4*z. What are the prime factors of h?
3
Let h = -17302 + 36047. List the prime factors of h.
5, 23, 163
Let b(m) = -2*m - 16. Let s be b(-8). Suppose 2*x + z - 1181 = 2*z, 3*z + 15 = s. List the prime factors of x.
2, 3, 7
Suppose 10*r - 14291 = 559. Suppose 0 = -4*c + r + 51. List the prime factors of c.
2, 3
List the prime factors of 371190/45 - 9 - (-2)/(-3).
7, 11, 107
Suppose -12*s + 67470 = 4*o - 15*s, 0 = 3*o + s - 50583. What are the prime factors of o?
3, 7, 11, 73
List the prime factors of 20/40 - 5441*9/(-2).
5, 59, 83
Let z = 14825 + 791. What are the prime factors of z?
2, 61
Let s = -44326 + 83845. List the prime factors of s.
3, 4391
Suppose -24*u = 45*u - 300909. List the prime factors of u.
7, 89
Suppose 0 = -34*x + 61*x - 5751. What are the prime factors of -9 + 10 + -2 + x?
2, 53
Suppose 3*l - 308 = -2*a - 0*a, -3*a = -l - 473. Let p = 275 - a. What are the prime factors of p?
2, 59
Suppose 0 = 4*u + 4*u + 4672. Let y = u + 1454. List the prime factors of y.
2, 3, 5, 29
Let a(f) = 16*f**2 - 2*f. Let s be a(1). Let q(n) = n - 10. Let x be q(s). Suppose -x*k + 2*y + 2*y = -84, 15 = 5*y. What are the prime factors of k?
2, 3
Suppose 6*v + 6*v + 9*v = 408933. What are the prime factors of v?
3, 6491
Suppose p - 38030 = 3*r, 2*p - 18*r - 76016 = -23*r. List the prime factors of p.
2, 19009
Let f(t) = -3*t + 9. Let j be f(-4). Suppose 0*l + 3*l - 3*b = j, 3*l + 2*b = -4. Suppose -l*o + 504 = 4*o. What are the prime factors of o?
2, 3, 7
Suppose 4*j + 89 = 3*j. Let g = j + 339. List the prime factors of g.
2, 5
Suppose -102231 = -3*s + 2*n, -163967 = -4*s + n - 27659. What are the prime factors of s?
3, 37, 307
Suppose -31884 = -38*g + 136570. List the prime factors of g.
11, 13, 31
Let c(q) = -26*q**3 + 2*q**2 + 13*q + 6. Let l be c(-5). Suppose -4*p + 3*y + l = -2*p, -3*p + y + 4858 = 0. List the prime factors of p.
1619
Let s(h) = 467*h + 13009. List the prime factors of s(0).
13009
Suppose 7 = -o - 0*i - i, 5*o = 5*i - 15. What are the prime factors of (-509 + o)*3/(-6)?
257
Suppose 903*f - 11267 = -2*h + 908*f, -3*h = 2*f - 16967. What are the prime factors of h?
5651
Let v(m) = 2*m**2 + 2*m + 29. Let c(n) = 3*n**2 + 2*n + 59. Let i(b) = -3*c(b) + 5*v(b). Suppose 1 + 44 = 5*l. List the prime factors of i(l).
5, 17
Let o(t) be the third derivative of 13*t**4/24 + 7*t**3/6 - t**2. Suppose -4*r - 5 = -37. What are the prime factors of o(r)?
3, 37
Let k = 57087 - 24805. List the prime factors of k.
2, 16141
Suppose 84*n + 14770 = 96*n - 9170. List the prime factors of n.
3, 5, 7, 19
Let a(q) = -104*q**2 + 7*q - 3. Let u be a(6). What are the prime factors of u/(-12) - (-1)/4?
3, 103
Suppose -176245 = -64*q + 555848 + 1099459. What are the prime factors of q?
2, 41, 349
Let c = -138 + 140. What are the prime factors of (-4465)/15*(-6)/c?
19, 47
List the prime factors of (34578/(-24))/(57/(-1520)).
2, 5, 17, 113
Let c(v) = -150*v + 83*v + 10 + 72*v. Let i be c(-2). What are the prime factors of (-2150)/(-129)*((-3)/(-2) - i)?
5
Let b(p) = -3*p**2 - 46*p + 1. Let m(u) = u**2 + 13*u + 7. Let a be m(-11). What are the prime factors of b(a)?
2
Suppose -3*a - 114 = -6*a. Suppose 34*p + 840 = a*p. List the prime factors of p.
2, 3, 5, 7
Let t = 47517 - 26133. What are the prime factors of t?
2, 3, 11
Suppose 9210075 = 191*q + 995165. What are the prime factors of q?
2, 5, 11, 17, 23
Let g(o) = -2*o - 1. Let t be ((-2)/(2 - 6))/(2/(-28)). Let r be g(t). Let n = 22 - r. List the prime factors of n.
3
Let u = 49449 + -17149. List the prime factors of u.
2, 5, 17, 19
Let p be ((-2)/3)/((-2)/(-6)). Let k be (p/8)/((-6)/(-12))*-6. Suppose 4*v = k*v + 5. What are the prime factors of v?
5
Suppose -22*i = -49320 - 23786. What are the prime factors of i?
3323
Let l(w) = -625*w + 409. Let b(f) = 313*f - 205. Let y(k) = 5*b(k) + 2*l(k). What are the prime factors of y(4)?
3, 13
What are the prime factors of ((-26616)/(-8))/(-5 + 7)*4?
2, 3, 1109
Let r be (0 + -7)/(12/(-72)). Suppose -4*x - 11 = o, -5*o + 2*o + 3*x = -r. Suppose -o*y + 10 = -7*y. List the prime factors of y.
5
Suppose 14*v + 52668 = 4*p + 16*v, -2*v + 13164 = p. List the prime factors of p.
2, 823
Let h = -17980 - -31627. List the prime factors of h.
3, 4549
Let n be -1 - (28/10)/(1/(-25)). Suppose 1755 = 3*z + n. Let b = -399 + z. What are the prime factors of b?
163
Let r(m) = -m**2 - 81*m - 335. Let p(s) = -13*s**2 + 113*s - 3. Let z be p(9). List the prime factors of r(z).
1303
Let b(w) = 293*w**3 + 9*w**2 - 5*w - 83. What are the prime factors of b(6)?
63499
Let u(h) = -51*h + 1. Let o be u(-1). Let r = 61 - o. Let b = 117 - r. What are the prime factors of b?
2, 3
Suppose 12*m + 142 - 46 = 0. Let i be (-1)/m + 14776/64. Suppose 5*l + i + 254 = 3*s, l + 823 = 5*s. What are the prime factors of s?
3, 5, 11
Suppose 6*v + 75 = -45. Let o = v + 34. List the prime factors of -2*(-2 - 24) - (11 - o).
5, 11
Suppose -20 - 20 = -10*i. Suppose i*u = -3*p + 442, u = -0*u + p + 107. List the prime factors of u.
109
Suppose 0 = -7*j - 20 + 6. Let n be (1 + j/10)/(6/15). Suppose n*u + u = -2*v + 78, v - 123 = -5*u. List the prime factors of u.
2, 3
Suppose 40*v - 230 = -6*v. Suppose -3*b = 2*u - 0*b - 431, b = -v*u + 1058. What are the prime factors of u?
211
Let l(x) = -445*x + 1908. What are the prime factors of l(-2)?
2, 1399
Suppose 32560 = 2*h + 36*j - 41*j, 2*j = -5*h + 81342. What are the prime factors of h?
2, 5, 1627
Let f be (-2)/8 + 233/4. Let p be ((-100)/30 - -3)*-36. List the prime factors of f - p/(3 + -7).
61
Suppose 0 = 2*c + d - 9850, 2*c + 1896 = 4*d + 11766. What are the prime factors of c?
13, 379
Let c(u) = 14*u + 354. List the prime factors of c(6).
2, 3, 73
Let g(o) = -145*o**3 - o - 5. Let u(l) = l. Let t(z) = g(z) + 2*u(z). What are the prime factors of t(-2)?
1153
Suppose 15*n - 177793 = -n + 30687. List the prime factors of n.
2, 5, 1303
Let u(i) = 4*i**3 + 8*i**2 + 8. Let n be u(5). Suppose -172*p + 170*p + n = 0. List the prime factors of p.
2, 3, 59
Let g = -1009 - -2247. Suppose -4*v + 2550 = -g. What are the prime factors of v?
947
Let u(k) = -11*k**2 - 3*k - 2. Let p be u(-2). Let i = p + 44. Suppose 0 = 2*a + 3*l - 299, -i*a + 293 = -2*a + 5*l. What are the prime factors of a?
2, 7, 11
Let d = 15 + -3. Let q(p) = d + 1082*p - 1078*p + 9*p**2 + 0*p**2. What are the prime factors of q(-4)?
2, 5, 7
Let b be (2/(-4))/((-15)/9630). Suppose 3*q = -3*p - b, -3*q - 4*p - 321 = p. Let h = q - -171. What are the prime factors of h?
2
Let o = -8060 + 10352. What are the prime factors of o?
2, 3, 191
Let x(g) = -9*g - 6. Let m be x(-1). Suppose 0*f - 3*f - 427 = 4*l, -m*f + 3*l - 399 = 0. Let k = f + 250. List the prime factors of k.
113
Let u = -881 - -1828. Suppose 5171 - u = 4*a. What are the prime factors of a?
2, 3, 11
Let k(d) = 30*d + 492 - 980 + 527. What are the prime factors of k(11)?
3, 41
Suppose 101*n = -437*n + 3562098. What are the prime factors of n?
3, 2207
Let q(g) = g**2 - 11. Let h be q(4). Let w be ((-3 - h)*-1)/2. Suppose 4*y = 3*s - s + 218, w*s - 212 = -4*y. List the prime factors of y.
2, 3
Let g(y) = y**3 + 7*y**2 - 8*y - 3. Let v be 4/(-20) - (-4)/20. Suppose v = -o - 3 - 2. List the pri